
-11
What is -7 + -3 + (0 - -3) - (50 + -29)?
-28
Evaluate -3 + -2 + 44 + -25.
14
Calculate -8 + (17 - (7 + 0)) + (-4 - -8).
6
Calculate 202 - 206 - (-1 - -1 - (-11 - -3)).
-12
Calculate 5 + (-25 - -10) + 4 - 14.
-20
Evaluate -6 - (-3 + -2 + 4) - (-1 - 2).
-2
What is the value of (-18 - -22) + (5 + -10 - 24)?
-25
-2 - (-4 + 0 + -11) - (31 + -40)
22
Calculate 4 + (3 - (-4 + (-5 - -13))).
3
Calculate (-2931 - -2953) + (-3 - (-2 - -1 - -3)).
17
What is the value of 0 + 4 - -5 - ((15 - 7) + -8)?
9
-17 + 13 + -1 + (10 - 3) + -15
-13
(26 - 10) + 2 - 18
0
What is -1 + 11 - 4 - (-10 + 13)?
3
Calculate 1 - (-8 + (-6 - -6) + 8).
1
-19 - (-14 + -3) - -11
9
What is (1 - -9) + 28 + (-66 - -23)?
-5
Evaluate -13 + (-1 - 3 - (-67 + 56)).
-6
What is (10 + -24 - 3) + 33?
16
Evaluate 18 + -3 + -12 + 1 + (-18 - -2).
-12
Evaluate 12 - (18 - (32 - 14)).
12
Calculate -63 + 51 - (-2 - -1).
-11
4 - (-1 + -3 + (7 - 10 - 0))
11
What is the value of 2 + 19 + (-38 + 21 - -24) + -12?
16
What is 3 - (-12 - (0 - 22)) - -6?
-1
Evaluate -11 + (13 - -7) + -35 + 7 + 8.
-11
What is -1 - (4 - (1 + (7 - 7))) - 0?
-4
Evaluate (34 - (1 + 57)) + -1 + 6.
-19
Calculate (-10 - -28) + -25 + -13.
-20
What is the value of -12 + -2 + 24 + -18 - 7?
-15
Calculate (0 - -15 - -5) + (-2 - 1).
17
What is (-2 + 21 - 2) + 14 + -40?
-9
What is 0 + 0 - -10 - (21 + (-33 - -25))?
-3
What is the value of -1 + 13 - 2 - (9 + -15 - -5)?
11
What is 6 + (7 - 26) - -24?
11
Evaluate (14 - 41) + -13 + 37.
-3
Calculate 77 - (14 + 101) - (0 + -13).
-25
-8 + 2 + (-18 - -20 - -6)
2
Calculate -5 + (16 + -12 - -9) - (-2 + 1).
9
-11 - -14 - (4 + 7 + -18)
10
-8 + (-10 - (-9 + 5)) + 3
-11
What is (-2 - -2) + (-2 + (2 - 9) - 1)?
-10
What is the value of 12 + (1 + -1 - 2 - (-78 - -77))?
11
4 + -3 + 5 + (-64 - (46 - 102))
-2
What is 10 + (-44 - -32 - (-4 + -1))?
3
What is (-2 - -20 - (6 + 2 - 11)) + -7?
14
15 + (-12 - (-1 + -3))
7
Evaluate -10 + 14 + -22 - -5.
-13
-6 + (-6 - (-6 + -6)) + 10
10
Calculate -12 - (6 - 2 - (-36 - -32)).
-20
-4 + 6 + 2 + -5 + -3 + -2
-6
Evaluate (21 - 4) + (-44 - -57).
30
What is (-5 - (9 + (-8 - 0))) + (-7 - 0)?
-13
-4 + (0 - ((-6 - (-6 + -6)) + -3))
-7
(9 - 3) + -20 + (-2 - -22)
6
What is 20 + (-9 - 8) - (-5 - (-3 + 2))?
7
What is 165 + -172 - ((1 - 1) + 2)?
-9
What is the value of (7 - (31 + -7) - -19) + 3 + 18?
23
Calculate -8 - (0 - 5) - (-8 - 3 - -4).
4
What is 11 - (7 - -4 - 6) - (-2 + 8)?
0
Calculate -21 + (5 - 1) - -20.
3
Calculate -8 + (-41 - (-13 + -13)).
-23
Evaluate (-2 - -8 - 1) + 8 + -8 + 4.
9
What is 16 + -7 - (-13 + 15 + -15)?
22
Calculate 2 + (8 - 20) + (0 - 1).
-11
What is -1 + -10 + 12 + -7?
-6
Calculate (1 - (0 + 11)) + (73 - (53 - 1)).
11
What is -14 + -4 + 12 - -1?
-5
Evaluate -11 + (-20 - -54) + -16.
7
-34 + (18 - (4 - 30))
10
What is the value of -31 + (-19 - 2 - -53)?
1
What is the value of -16 + (0 - -32) + -22 + (4 - 0)?
-2
What is the value of 1 - (-201 + 196 + (10 - -1))?
-5
What is 9 + (1 - 7) + 2 + (-2 - 20)?
-17
(12 - (34 + -13)) + -5
-14
Calculate 2 - -1 - (-146 + 175).
-26
-5 - 2 - (11 - 33)
15
What is (-28 - (10 - 22)) + 16?
0
Calculate -2 + (118 - 121) + (1 - 14).
-18
-1 - 2 - (1 - (2 - -15))
13
Calculate (20 - 28) + -5 + 1 + -3.
-15
Evaluate (0 - -7) + (0 + 9 - (33 - 20)).
3
(0 - (-16 - 3)) + 4
23
Evaluate 1 + 13 - (-14 - -44).
-16
8 + -1 - (-3 + 10 + -10)
10
Calculate (-19 + 13 + 14 - (-4 - -2)) + 6.
16
Evaluate -4 + 6 + (-7 - -1) + (15 - 13).
-2
Calculate -25 + (15 + 24 - 13).
1
Evaluate (-6 - (-7 + (5 + -1 - -3))) + -2.
-8
Calculate (-5 - ((5 - 5) + 2)) + (10 - -6).
9
Calculate -70 + 50 + 17 + -4.
-7
What is the value of (-4 - (1 - 10) - 27) + 9?
-13
Evaluate 23 + -8 + -26 + (0 + 34 - -4).
27
What is the value of -12 + 8 + 11 - (-4 - (-1 - 23))?
-13
(8 - -22 - 29) + 8 + 1
10
What is 13 + 24 + (-55 - -24)?
6
What is (-2 - -2) + -11 + (6 - -1)?
-4
What is 0 + (-3 - 17) - -34?
14
Calculate (-1 - -12) + 104 + -161 + 50.
4
-11 - (-6 + 3 + 8 - 8 - -11)
-19
189 + -188 - (-2 - 2)
5
2 - (4 + 5) - 0
-7
Evaluate -13 + 31 + (6 - 17).
7
Calculate 6 - (-2 - (3 + -4) - (-26 - -5)).
-14
19 + (-3 - -22 - 43)
-5
Evaluate -8 - -5 - (5 + 3 + -4 + -3).
-4
What is the value of 6 - 0 - (464 - 484)?
26
Calculate -6 + 6 - 1 - -2 - (-5 - -1).
5
What is -33 - -44 - (0 + 21 + 8 + -3)?
-15
(-1 - 21 - 5) + (6 - 11) + 10
-22
What is -92 - -87 - (16 + 18)?
-39
What is the value of -17 + -1 + -8 + (3 - -13) - 3?
-13
-3 + (-4 + 10 + -9 - (0 + -5))
-1
Calculate (4 - -1 - -4) + -25.
-16
Calculate 8 + 20 + -14 + -4.
10
What is 10 - ((17 - 19 - -6) + (-6 - 1))?
13
Calculate 3 + 1 - (-2 + 2 - (-4 - -4)).
4
Evaluate (-13 - (20 - 43)) + (0 - 0 - 0).
10
14 + -28 + 21 + 0
7
Calculate (21 - 4) + -22 - (-3 + -2).
0
-11 + (13 - (4 - 12))
10
Evaluate 4 + -7 + 2 + 1 + 3 + 5.
8
What is (9 - 9) + 2 - -4 - (1 - -13)?
-8
What is 17 + (-17 - -11) + -5?
6
What is the value of -17 + (-4 - (-14 - -3))?
-10
Evaluate (11 - (39 - 18)) + -1 + 4 - -7.
0
Calculate 1 + -11 - (-1060 - -1043).
7
-14 + -1 - (23 - (-38 - -66))
-10
What is (9 + -3 + -17 - -10) + -2?
-3
What is (4 + 1 - 8) + (-18 - -4 - -47)?
30
Evaluate 0 - (9 + (6 - (-18 - -36))).
3
What is (-7 - -8 - (3 + -2 + -2)) + -2?
0
(-1 - -6) + -2 + -6 + (12 - -2)
11
What is the value of 2 + (-4 - 5) + 3 + -3?
-7
What is 5 + 0 + -7 - (-4 + -6 - 6)?
14
Evaluate 12 + (-11 - -3) + -4 + 14.
14
Evaluate 0 + (-4 - -5) + 8 + 8 + -10.
7
What is the value of 0 + -2 - -13 - 4 - 24 - -11?
-6
(-207 - -216) + (-2 - -7)
14
What is the value of 6 + -8 + (-36 + 23 - (-3 - -5))?
-17
Evaluate -45 + -23 + 49 - -2.
-17
What is the value of 15 - 25 - ((-1 - 34) + (10 - 9))?
24
Evaluate (-5 - (4 - 7)) + 4.
2
Calculate (-34 - -2) + 24 - -10.
2
Calculate -22 + 0 - -42 - 4.
16
Evaluate -16 + -18 + 14 + 16.
-4
Evaluate 5 + (0 - 7 - -1) - (1 + 4).
-6
Evaluate 4 - 15 - (-16 + 18 - (0 - 1)).
-14
Calculate -1 - (6 + 2) - -15.
6
Evaluate -10 + (5 - (16 - 10)).
-11
Evaluate -18 + 0 + (1 - (-13 - (12 + -21))).
-13
-1 + -13 + -7 + -2 + -5
-28
What is (11 - (15 - -1)) + (-11 - -17)?
1
Calculate 5 - (5 + (-8 - (1 + -3)) + -5).
11
What is 2 + 13 - (5 - (12 + -3))?
19
Calculate -8 + (-6 - (10 - 33) - -8).
17
Calculate -2 + 9 + (1 - 0) + -10.
-2
Evaluate 2 + (-21 - -22) - -5.
8
What is the value of 4 - (26 - -6) - (-10 + -1)?
-17
Evaluate -24 + (3 - (16 + -17)).
-20
What is -500 + 490 + (-10 - 1)?
-21
8 + -7 + 0 + 11
12
Evaluate -2 + -5 + (16 - 3) - 4.
2
What is the value of 1 - 5 - ((18 - 33) + 21)?
-10
Calculate 1 - (-8 - -4) - (12 + -37).
30
Evaluate 2 + 21 + -7 + -5 + 1.
12
Calculate -427 + 391 + (18 - 1).
-19
Calculate (31 + -27 - (1 + -2 + 9)) + 2.
-2
Calculate 14 + -3 - (22 - 14).
3
1 - 13 - ((-18 - (-14 - -14)) + 16)
-10
(11 - 11) + (8 - 1) - (-7 + 1)
13
Calculate 20 - (42 - (44 + -17)).
5
What is 17 - (-36 + 9 - -20)?
24
Evaluate -2 - -6 - 8 - (2 - (0 - -1)).
-5
(2 - -12) + (6 - 35) + 16
1
What is the value of -4 + -17 + 7 + 18 + (-6 - -5)?
3
What is the value of -2 - (-21 + 12 - 5)?
12
What is the value of (-13 - -27) + -2 - 14?
-2
Calculate -3 + -7 + 10 + (3 - 8).
-5
What is -10 + 24 + (9 - -1 - 11)?
13
13 - -2 - (11 - (15 - (15 + -7)))
11
Calculate -2 + -4 - 1 - 3.
-10
-14 - (19 - 15 - 17)
-1
(5 - -16) + -55 + 49
15
Calculate (5 - 0 - (146 - 140)) + 0 + 7.
6
What is 1 - (10 - 27 - -11)?
7
Calculate -1 + -2 + 11 - (5 - (-12 + 6)).
-3
What is the value of (-6 + 11 - 7) + 20?
18
What is 28 - (15 - (-29 - -3))?
-13
What is the value of 17 - ((3 + 5 - 5) + 8)?
6
What is the value of (5 - 0) + (-30 - 7) + 34?
2
What is the value of (0 - -4 - -9) + (27 - (7 + 8))?
25
(6 - 12) + -1 + 12 - 3
2
What is the value of -12 - -5 - (-52 + 25)?
20
Calculate 9 - 2 - (-19 + -12 - -29) - -3.
12
12 + (-14 - (8 + -15))
5
2 - 2 - 36 - (-186 + 175)
-25
What is 32 + (6 + -74 - -23)?
-13
Evaluate 22 + -10 - 20 - (8 - 0).
-16
What is the value of 22 + -43 + (-57 - -69)?
-9
What is 31 - 26 - (6 - -5)?
-6
Evaluate (12 - 0) + (31 - 69 - -24).
-2
Evaluate 7 - (-21 + 12 - -5) - -4.
15
What is the value of -40 - (-10 - -2 - (20 - (-19 + 36)))?
-29
What is -168 + 152 - (-2 - (39 - -1))?
26
What is the value of 144 + -141 - (-4 - -22)?
-15
What is -77 - -74 - (2 + 1 + -14)?
8
What is the value of (5 - 6 - 11 - (1 + -1)) + -5?
-17
Evaluate 1 - -1 - 2 - ((12 - 17) + -7).
12
Evaluate 32 - (1 + (-10 - (-3 - 7)) + -1).
32
-2